{"id":143,"date":"2016-06-20T07:48:11","date_gmt":"2016-06-20T07:48:11","guid":{"rendered":"http:\/\/sw-themes.com\/porto_dummy\/?page_id=143"},"modified":"2020-10-21T09:25:55","modified_gmt":"2020-10-21T07:25:55","slug":"home","status":"publish","type":"page","link":"https:\/\/www.food-port.de\/","title":{"rendered":"Home"},"content":{"rendered":"<p>[vc_row wrap_container=&#8220;yes&#8220; css=&#8220;.vc_custom_1556575220120{padding-top: 90px !important;}&#8220;][vc_column offset=&#8220;vc_col-lg-offset-2 vc_col-lg-8 vc_col-md-offset-1 vc_col-md-10&#8243;][porto_ultimate_heading main_heading=&#8220;Ihr Partner f\u00fcr Tiefk\u00fchlbackwaren!&#8220; main_heading_font_weight=&#8220;700&#8243; sub_heading_font_weight=&#8220;&#8220; sub_heading_color=&#8220;rgba(119,119,119,0.7)&#8220; main_heading_font_size=&#8220;32&#8243; main_heading_line_height=&#8220;42&#8243; sub_heading_font_size=&#8220;16.8&#8243; sub_heading_line_height=&#8220;32&#8243; main_heading_margin_bottom=&#8220;20&#8243; sub_heading_margin_bottom=&#8220;40&#8243;]<\/p>\n<div data-contents=\"true\">\n<div class=\"\" data-block=\"true\" data-editor=\"5gj0c\" data-offset-key=\"2uffe-0-0\">\n<div class=\"public-DraftStyleDefault-block public-DraftStyleDefault-ltr\" data-offset-key=\"2uffe-0-0\"><span data-offset-key=\"2uffe-0-0\">Sie ben\u00f6tigen qualitativ hochwertige Tiefk\u00fchlbackwaren? Wir bieten mehrfach pr\u00e4mierte Backwaren zu fairen Preisen an. Unsere Produkte werden <\/span><span id=\"decorator-corrected-entity-id-9\" data-entity-key=\"9\" data-offset-key=\"2uffe-1-0\"><span data-offset-key=\"2uffe-1-0\">traditionell<\/span><\/span><span data-offset-key=\"2uffe-2-0\"> in der T\u00fcrkei nach alten Rezepten hergestellt. Wir informieren Sie gerne \u00fcber unsere gesamte Produktpalette. Vereinbaren Sie gleich ein pers\u00f6nliches <\/span><span id=\"decorator-corrected-entity-id-11\" data-entity-key=\"11\" data-offset-key=\"2uffe-3-0\"><span data-offset-key=\"2uffe-3-0\">Informations-<\/span><\/span><span data-offset-key=\"2uffe-4-0\"> und Beratungsgespr\u00e4ch mit unseren Mitarbeitern.<\/span><\/div>\n<\/div>\n<\/div>\n<p>[\/porto_ultimate_heading][\/vc_column][\/vc_row][vc_row wrap_container=&#8220;yes&#8220; el_class=&#8220;our-offices&#8220; css=&#8220;.vc_custom_1603265153923{padding-bottom: 50px !important;}&#8220;][vc_column width=&#8220;1\/2&#8243; animation_delay=&#8220;200&#8243; animation_type=&#8220;fadeInLeft&#8220;][porto_interactive_banner banner_image=&#8220;2706&#8243; banner_title=&#8220;BACKWAREN&#8220; image_opacity=&#8220;0.2&#8243; image_opacity_on_hover=&#8220;0.2&#8243; banner_color_desc=&#8220;#212529&#8243; banner_color_bg=&#8220;#212529&#8243; banner_title_font_size=&#8220;20.4&#8243;]<a class=\"btn btn-md btn-modern btn-default btn-rounded\" title=\"\" href=\"#\">SORTIMENT <i class=\"fas fa-arrow-right\"><\/i><\/a><\/p>\n<p>[\/porto_interactive_banner][\/vc_column][vc_column width=&#8220;1\/2&#8243; animation_delay=&#8220;200&#8243; animation_type=&#8220;fadeInRight&#8220;][porto_interactive_banner banner_image=&#8220;2709&#8243; banner_title=&#8220;TORTEN \/ KUCHEN&#8220; image_opacity=&#8220;0.2&#8243; image_opacity_on_hover=&#8220;0.2&#8243; banner_color_desc=&#8220;#212529&#8243; banner_color_bg=&#8220;#212529&#8243; banner_title_font_size=&#8220;20.4&#8243;]<a class=\"btn btn-md btn-modern btn-default btn-rounded\" title=\"\" href=\"#\">SORTIMENT <i class=\"fas fa-arrow-right\"><\/i><\/a><\/p>\n<p>[\/porto_interactive_banner][\/vc_column][\/vc_row][vc_row wrap_container=&#8220;yes&#8220; css=&#8220;.vc_custom_1556575597494{padding-top: 100px !important;padding-bottom: 70px !important;background-color: #f7f7f7 !important;}&#8220;][vc_column width=&#8220;1\/3&#8243; animation_delay=&#8220;200&#8243; animation_type=&#8220;fadeInRight&#8220;][porto_info_box icon_size=&#8220;32&#8243; icon_border_radius=&#8220;500&#8243; title=&#8220;Hervorragende Qualit\u00e4t&#8220; pos=&#8220;top&#8220; title_font_style=&#8220;700&#8243; title_font_size=&#8220;19.6&#8243; title_font_line_height=&#8220;15&#8243; el_class=&#8220;px-lg-4&#8243;]Permanente Kontrollen zur unserer Firmenphilosophie.<br \/>\nSomit ist die beste Qualit\u00e4t gew\u00e4hrleistet.[\/porto_info_box][\/vc_column][vc_column width=&#8220;1\/3&#8243; animation_delay=&#8220;200&#8243; animation_type=&#8220;fadeIn&#8220;][porto_info_box icon_size=&#8220;32&#8243; icon_border_radius=&#8220;500&#8243; title=&#8220;Traditionell&#8220; pos=&#8220;top&#8220; title_font_style=&#8220;700&#8243; title_font_size=&#8220;19.6&#8243; title_font_line_height=&#8220;15&#8243; el_class=&#8220;px-lg-4&#8243;]Unsere Produkte sind Handgefertigt und unsere alten Rezepte machen die Produkte zu einem Geschmackserlebnis.[\/porto_info_box][\/vc_column][vc_column width=&#8220;1\/3&#8243; animation_delay=&#8220;200&#8243; animation_type=&#8220;fadeInLeft&#8220;][porto_info_box icon_size=&#8220;32&#8243; icon_border_radius=&#8220;500&#8243; title=&#8220;Made in T\u00fcrkei&#8220; pos=&#8220;top&#8220; title_font_style=&#8220;700&#8243; title_font_size=&#8220;19.6&#8243; title_font_line_height=&#8220;15&#8243; el_class=&#8220;px-lg-4&#8243;]Unsere Backwaren werden in der T\u00fcrkei produziert. In unserer Backstube von 12.000 m\u00b2 ist f\u00fcr jeden was dabei.[\/porto_info_box][\/vc_column][\/vc_row][vc_row wrap_container=&#8220;yes&#8220; animation_delay=&#8220;300&#8243; css=&#8220;.vc_custom_1589382003315{padding-top: 80px !important;padding-bottom: 50px !important;background-color: #052542 !important;}&#8220; animation_type=&#8220;fadeInLeft&#8220;][vc_column width=&#8220;5\/6&#8243; animation_delay=&#8220;300&#8243; animation_type=&#8220;fadeInRight&#8220;][vc_custom_heading text=&#8220;W\u00fcnschen Sie individuelle Beratung rund um unsere Produkte?<br \/>\nWir stehen Ihnen jederzeit zur Verf\u00fcgung.&#8220; font_container=&#8220;tag:h2|text_align:left|color:%23ffffff&#8220; use_theme_fonts=&#8220;yes&#8220;][\/vc_column][vc_column width=&#8220;1\/6&#8243; animation_delay=&#8220;300&#8243; animation_type=&#8220;fadeInDown&#8220;][vc_btn title=&#8220;KONTAKT&#8220; style=&#8220;modern&#8220; color=&#8220;default&#8220; size=&#8220;xl&#8220;][\/vc_column][\/vc_row][vc_row content_placement=&#8220;middle&#8220; wrap_container=&#8220;yes&#8220; css=&#8220;.vc_custom_1556580599387{padding-top: 90px !important;padding-bottom: 70px !important;}&#8220;][vc_column width=&#8220;1\/2&#8243; animation_duration=&#8220;500&#8243; animation_delay=&#8220;300&#8243; animation_type=&#8220;fadeIn&#8220;][porto_interactive_banner banner_image=&#8220;2830&#8243; image_opacity=&#8220;1&#8243; image_opacity_on_hover=&#8220;1&#8243; el_class=&#8220;video-player&#8220;]<\/p>\n<div class=\"open-video\">[vc_raw_html el_class=&#8220;mb-0&#8243;]JTNDc3ZnJTIweG1sbnMlM0QlMjJodHRwJTNBJTJGJTJGd3d3LnczLm9yZyUyRjIwMDAlMkZzdmclMjIlMjB3aWR0aCUzRCUyMjY0JTIyJTIwaGVpZ2h0JTNEJTIyNjQlMjIlMjB2aWV3Qm94JTNEJTIyMCUyMDAlMjA2NCUyMDY0JTIyJTNFJTNDZyUyMGZpbGwlM0QlMjJub25lJTIyJTIwc3Ryb2tlJTNEJTIyJTIzMDAwJTIyJTIwc3Ryb2tlLXdpZHRoJTNEJTIyMiUyMiUyMHN0cm9rZS1taXRlcmxpbWl0JTNEJTIyMTAlMjIlM0UlM0NwYXRoJTIwc3Ryb2tlLWxpbmVqb2luJTNEJTIyYmV2ZWwlMjIlMjBkJTNEJTIyTTI3JTIwMjFsMTQlMjAxMS0xNCUyMDExeiUyMiUyRiUzRSUzQ3BhdGglMjBkJTNEJTIyTTUzLjkyJTIwMTAuMDgxYzEyLjEwNyUyMDEyLjEwNSUyMDEyLjEwNyUyMDMxLjczMiUyMDAlMjA0My44MzgtMTIuMTA2JTIwMTIuMTA4LTMxLjczNCUyMDEyLjEwOC00My44MzklMjAwLTEyLjEwNy0xMi4xMDUtMTIuMTA3LTMxLjczMiUyMDAtNDMuODM4JTIwMTIuMTA1LTEyLjEwOCUyMDMxLjczMi0xMi4xMDglMjA0My44MzklMjAweiUyMiUyRiUzRSUzQyUyRmclM0UlM0MlMkZzdmclM0U=[\/vc_raw_html]<\/div>\n<p>[\/porto_interactive_banner][porto_modal modal_contain=&#8220;youtube&#8220; youtube_url=&#8220;https:\/\/www.youtube.com\/watch?v=CAuRvTH93rY&#8220; modal_on=&#8220;custom-selector&#8220; modal_on_selector=&#8220;.open-video&#8220; overlay_bg_opacity=&#8220;80&#8243;][\/porto_modal][\/vc_column][vc_column width=&#8220;1\/2&#8243; offset=&#8220;vc_col-md-5&#8243;][porto_ultimate_heading main_heading=&#8220;Franchisemarke: Simit\u00e7i D\u00fcnyas\u0131&#8220; main_heading_font_weight=&#8220;700&#8243; sub_heading_font_weight=&#8220;&#8220; alignment=&#8220;left&#8220; main_heading_font_size=&#8220;25&#8243; main_heading_line_height=&#8220;37&#8243; main_heading_margin_bottom=&#8220;14&#8243; sub_heading_margin_bottom=&#8220;22&#8243;]Das Privilegium, Franchisenehmer von Simit\u00e7i D\u00fcnyas\u0131 zu sein, werden Sie von Ihrer Bewerbung bis, dass Ihr Kunde Ihre Lokalit\u00e4t verl\u00e4sst, bei jeder Etappe ersp\u00fcren. Durch unsere Schulungs- und Fortbildungs-Ma\u00dfnahmen an Sie und Ihr Team sorgen wir daf\u00fcr, dass sowohl Ihr Sie als auch unser Ruf im Zusammenhang mit der wahren Dienstleistungsqualit\u00e4t erw\u00e4hnt werden.[\/porto_ultimate_heading][vc_btn title=&#8220;Mehr zum Franchise&#8220; style=&#8220;modern&#8220; shape=&#8220;rounded&#8220; i_align=&#8220;right&#8220; i_icon_fontawesome=&#8220;fas fa-arrow-right&#8220; skin=&#8220;dark&#8220; add_icon=&#8220;true&#8220;][\/vc_column][\/vc_row]<\/p>\n","protected":false},"excerpt":{"rendered":"<p>[vc_row wrap_container=&#8220;yes&#8220; css=&#8220;.vc_custom_1556575220120{padding-top: 90px !important;}&#8220;][vc_column offset=&#8220;vc_col-lg-offset-2 vc_col-lg-8 vc_col-md-offset-1 vc_col-md-10&#8243;][porto_ultimate_heading main_heading=&#8220;Ihr Partner f\u00fcr Tiefk\u00fchlbackwaren!&#8220; main_heading_font_weight=&#8220;700&#8243; sub_heading_font_weight=&#8220;&#8220; sub_heading_color=&#8220;rgba(119,119,119,0.7)&#8220; main_heading_font_size=&#8220;32&#8243; main_heading_line_height=&#8220;42&#8243; sub_heading_font_size=&#8220;16.8&#8243; sub_heading_line_height=&#8220;32&#8243; main_heading_margin_bottom=&#8220;20&#8243; sub_heading_margin_bottom=&#8220;40&#8243;] Sie ben\u00f6tigen qualitativ hochwertige Tiefk\u00fchlbackwaren? Wir bieten mehrfach pr\u00e4mierte Backwaren zu fairen Preisen an. Unsere Produkte werden traditionell in der T\u00fcrkei nach alten Rezepten hergestellt. Wir informieren Sie gerne \u00fcber unsere gesamte Produktpalette. [&hellip;]<\/p>\n","protected":false},"author":1,"featured_media":0,"parent":0,"menu_order":0,"comment_status":"closed","ping_status":"closed","template":"","meta":{"footnotes":""},"class_list":["post-143","page","type-page","status-publish","hentry"],"yoast_head":"<!-- This site is optimized with the Yoast SEO plugin v27.4 - https:\/\/yoast.com\/product\/yoast-seo-wordpress\/ -->\n<title>Home - Food Port GmbH<\/title>\n<meta name=\"robots\" content=\"index, follow, max-snippet:-1, max-image-preview:large, max-video-preview:-1\" \/>\n<link rel=\"canonical\" href=\"https:\/\/www.food-port.de\/\" \/>\n<meta property=\"og:locale\" content=\"de_DE\" \/>\n<meta property=\"og:type\" content=\"article\" \/>\n<meta property=\"og:title\" content=\"Home - Food Port GmbH\" \/>\n<meta property=\"og:description\" content=\"[vc_row wrap_container=&#8220;yes&#8220; css=&#8220;.vc_custom_1556575220120{padding-top: 90px !important;}&#8220;][vc_column offset=&#8220;vc_col-lg-offset-2 vc_col-lg-8 vc_col-md-offset-1 vc_col-md-10&#8243;][porto_ultimate_heading main_heading=&#8220;Ihr Partner f\u00fcr Tiefk\u00fchlbackwaren!&#8220; main_heading_font_weight=&#8220;700&#8243; sub_heading_font_weight=&#8220;&#8220; sub_heading_color=&#8220;rgba(119,119,119,0.7)&#8220; main_heading_font_size=&#8220;32&#8243; main_heading_line_height=&#8220;42&#8243; sub_heading_font_size=&#8220;16.8&#8243; sub_heading_line_height=&#8220;32&#8243; main_heading_margin_bottom=&#8220;20&#8243; sub_heading_margin_bottom=&#8220;40&#8243;] Sie ben\u00f6tigen qualitativ hochwertige Tiefk\u00fchlbackwaren? Wir bieten mehrfach pr\u00e4mierte Backwaren zu fairen Preisen an. Unsere Produkte werden traditionell in der T\u00fcrkei nach alten Rezepten hergestellt. Wir informieren Sie gerne \u00fcber unsere gesamte Produktpalette. [&hellip;]\" \/>\n<meta property=\"og:url\" content=\"https:\/\/www.food-port.de\/\" \/>\n<meta property=\"og:site_name\" content=\"Food Port GmbH\" \/>\n<meta property=\"article:modified_time\" content=\"2020-10-21T07:25:55+00:00\" \/>\n<meta name=\"twitter:card\" content=\"summary_large_image\" \/>\n<meta name=\"twitter:label1\" content=\"Gesch\u00e4tzte Lesezeit\" \/>\n\t<meta name=\"twitter:data1\" content=\"4\u00a0Minuten\" \/>\n<script type=\"application\/ld+json\" class=\"yoast-schema-graph\">{\"@context\":\"https:\\\/\\\/schema.org\",\"@graph\":[{\"@type\":\"WebPage\",\"@id\":\"https:\\\/\\\/www.food-port.de\\\/\",\"url\":\"https:\\\/\\\/www.food-port.de\\\/\",\"name\":\"Home - Food Port GmbH\",\"isPartOf\":{\"@id\":\"https:\\\/\\\/www.food-port.de\\\/#website\"},\"datePublished\":\"2016-06-20T07:48:11+00:00\",\"dateModified\":\"2020-10-21T07:25:55+00:00\",\"breadcrumb\":{\"@id\":\"https:\\\/\\\/www.food-port.de\\\/#breadcrumb\"},\"inLanguage\":\"de\",\"potentialAction\":[{\"@type\":\"ReadAction\",\"target\":[\"https:\\\/\\\/www.food-port.de\\\/\"]}]},{\"@type\":\"BreadcrumbList\",\"@id\":\"https:\\\/\\\/www.food-port.de\\\/#breadcrumb\",\"itemListElement\":[{\"@type\":\"ListItem\",\"position\":1,\"name\":\"Startseite\",\"item\":\"https:\\\/\\\/www.food-port.de\\\/\"},{\"@type\":\"ListItem\",\"position\":2,\"name\":\"Home\"}]},{\"@type\":\"WebSite\",\"@id\":\"https:\\\/\\\/www.food-port.de\\\/#website\",\"url\":\"https:\\\/\\\/www.food-port.de\\\/\",\"name\":\"Food Port GmbH\",\"description\":\"Eine weitere WordPress-Website\",\"potentialAction\":[{\"@type\":\"SearchAction\",\"target\":{\"@type\":\"EntryPoint\",\"urlTemplate\":\"https:\\\/\\\/www.food-port.de\\\/?s={search_term_string}\"},\"query-input\":{\"@type\":\"PropertyValueSpecification\",\"valueRequired\":true,\"valueName\":\"search_term_string\"}}],\"inLanguage\":\"de\"}]}<\/script>\n<!-- \/ Yoast SEO plugin. -->","yoast_head_json":{"title":"Home - Food Port GmbH","robots":{"index":"index","follow":"follow","max-snippet":"max-snippet:-1","max-image-preview":"max-image-preview:large","max-video-preview":"max-video-preview:-1"},"canonical":"https:\/\/www.food-port.de\/","og_locale":"de_DE","og_type":"article","og_title":"Home - Food Port GmbH","og_description":"[vc_row wrap_container=&#8220;yes&#8220; css=&#8220;.vc_custom_1556575220120{padding-top: 90px !important;}&#8220;][vc_column offset=&#8220;vc_col-lg-offset-2 vc_col-lg-8 vc_col-md-offset-1 vc_col-md-10&#8243;][porto_ultimate_heading main_heading=&#8220;Ihr Partner f\u00fcr Tiefk\u00fchlbackwaren!&#8220; main_heading_font_weight=&#8220;700&#8243; sub_heading_font_weight=&#8220;&#8220; sub_heading_color=&#8220;rgba(119,119,119,0.7)&#8220; main_heading_font_size=&#8220;32&#8243; main_heading_line_height=&#8220;42&#8243; sub_heading_font_size=&#8220;16.8&#8243; sub_heading_line_height=&#8220;32&#8243; main_heading_margin_bottom=&#8220;20&#8243; sub_heading_margin_bottom=&#8220;40&#8243;] Sie ben\u00f6tigen qualitativ hochwertige Tiefk\u00fchlbackwaren? Wir bieten mehrfach pr\u00e4mierte Backwaren zu fairen Preisen an. Unsere Produkte werden traditionell in der T\u00fcrkei nach alten Rezepten hergestellt. Wir informieren Sie gerne \u00fcber unsere gesamte Produktpalette. [&hellip;]","og_url":"https:\/\/www.food-port.de\/","og_site_name":"Food Port GmbH","article_modified_time":"2020-10-21T07:25:55+00:00","twitter_card":"summary_large_image","twitter_misc":{"Gesch\u00e4tzte Lesezeit":"4\u00a0Minuten"},"schema":{"@context":"https:\/\/schema.org","@graph":[{"@type":"WebPage","@id":"https:\/\/www.food-port.de\/","url":"https:\/\/www.food-port.de\/","name":"Home - Food Port GmbH","isPartOf":{"@id":"https:\/\/www.food-port.de\/#website"},"datePublished":"2016-06-20T07:48:11+00:00","dateModified":"2020-10-21T07:25:55+00:00","breadcrumb":{"@id":"https:\/\/www.food-port.de\/#breadcrumb"},"inLanguage":"de","potentialAction":[{"@type":"ReadAction","target":["https:\/\/www.food-port.de\/"]}]},{"@type":"BreadcrumbList","@id":"https:\/\/www.food-port.de\/#breadcrumb","itemListElement":[{"@type":"ListItem","position":1,"name":"Startseite","item":"https:\/\/www.food-port.de\/"},{"@type":"ListItem","position":2,"name":"Home"}]},{"@type":"WebSite","@id":"https:\/\/www.food-port.de\/#website","url":"https:\/\/www.food-port.de\/","name":"Food Port GmbH","description":"Eine weitere WordPress-Website","potentialAction":[{"@type":"SearchAction","target":{"@type":"EntryPoint","urlTemplate":"https:\/\/www.food-port.de\/?s={search_term_string}"},"query-input":{"@type":"PropertyValueSpecification","valueRequired":true,"valueName":"search_term_string"}}],"inLanguage":"de"}]}},"_links":{"self":[{"href":"https:\/\/www.food-port.de\/index.php\/wp-json\/wp\/v2\/pages\/143","targetHints":{"allow":["GET"]}}],"collection":[{"href":"https:\/\/www.food-port.de\/index.php\/wp-json\/wp\/v2\/pages"}],"about":[{"href":"https:\/\/www.food-port.de\/index.php\/wp-json\/wp\/v2\/types\/page"}],"author":[{"embeddable":true,"href":"https:\/\/www.food-port.de\/index.php\/wp-json\/wp\/v2\/users\/1"}],"replies":[{"embeddable":true,"href":"https:\/\/www.food-port.de\/index.php\/wp-json\/wp\/v2\/comments?post=143"}],"version-history":[{"count":25,"href":"https:\/\/www.food-port.de\/index.php\/wp-json\/wp\/v2\/pages\/143\/revisions"}],"predecessor-version":[{"id":2957,"href":"https:\/\/www.food-port.de\/index.php\/wp-json\/wp\/v2\/pages\/143\/revisions\/2957"}],"wp:attachment":[{"href":"https:\/\/www.food-port.de\/index.php\/wp-json\/wp\/v2\/media?parent=143"}],"curies":[{"name":"wp","href":"https:\/\/api.w.org\/{rel}","templated":true}]}}