{"id":2928,"date":"2020-07-22T10:54:13","date_gmt":"2020-07-22T08:54:13","guid":{"rendered":"https:\/\/relaunch.food-port.de\/?page_id=2928"},"modified":"2020-07-22T11:05:46","modified_gmt":"2020-07-22T09:05:46","slug":"bistro","status":"publish","type":"page","link":"https:\/\/www.food-port.de\/index.php\/franchise\/bistro\/","title":{"rendered":"Bistro"},"content":{"rendered":"<p>[vc_row wrap_container=&#8220;yes&#8220; css=&#8220;.vc_custom_1595403725706{margin-top: 80px !important;margin-bottom: 80px !important;}&#8220;][vc_column width=&#8220;2\/3&#8243;][vc_custom_heading text=&#8220;Franchise \/ Bistro&#8220; font_container=&#8220;tag:h3|text_align:left&#8220; use_theme_fonts=&#8220;yes&#8220;][vc_column_text]In unseren Bistro-Caf\u00e9s, wo Sie mit beliebtesten K\u00f6stlichkeiten aus der Weltk\u00fcche sowie unseren traditionellen Backwaren bedient werden, bieten unsere Fachmitarbeiter der Richtung \u201cBi D\u00fcnya Lezzet (Welt von Gaumenfreuden)\u201d ob traditionell oder innovativ, ihre Dienste mit Auffassung von Qualit\u00e4tsservice und \u00e4u\u00dferster Sorgfalt an. Wir machen es uns zur Aufgabe, durch unsere lukullischen Gen\u00fcsse Ihre Zufriedenheit zu garantieren. Von unseren G\u00e4sten, die wir mit einem herzlichen \u201cWillkommen\u201d empfangen, verabschieden wir uns auch mit der gleichen Gastfreundlichkeit mit \u201cAuf Wiedersehen\u201d. Unsere unter hygienischen Konditionen und ohne menschliche Ber\u00fchrung zubereiteten K\u00f6stlichkeiten erwarten Sir zu jeder Tageszeit und ganz frisch in Simit\u00e7i D\u00fcnyas\u0131.[\/vc_column_text][\/vc_column][vc_column width=&#8220;1\/3&#8243;][vc_single_image image=&#8220;2920&#8243; img_size=&#8220;full&#8220; alignment=&#8220;center&#8220; style=&#8220;vc_box_border&#8220; onclick=&#8220;link_image&#8220;][\/vc_column][\/vc_row][vc_row content_placement=&#8220;middle&#8220; wrap_container=&#8220;yes&#8220; css=&#8220;.vc_custom_1595407767320{padding-top: 90px !important;padding-bottom: 70px !important;background-color: #052542 !important;}&#8220;][vc_column width=&#8220;1\/2&#8243; animation_duration=&#8220;500&#8243; animation_delay=&#8220;300&#8243; animation_type=&#8220;fadeIn&#8220;][porto_interactive_banner banner_image=&#8220;2830&#8243; image_opacity=&#8220;1&#8243; image_opacity_on_hover=&#8220;1&#8243; el_class=&#8220;video-player&#8220;]<\/p>\n<div class=\"open-video\">[vc_raw_html el_class=&#8220;mb-0&#8243;]JTNDc3ZnJTIweG1sbnMlM0QlMjJodHRwJTNBJTJGJTJGd3d3LnczLm9yZyUyRjIwMDAlMkZzdmclMjIlMjB3aWR0aCUzRCUyMjY0JTIyJTIwaGVpZ2h0JTNEJTIyNjQlMjIlMjB2aWV3Qm94JTNEJTIyMCUyMDAlMjA2NCUyMDY0JTIyJTNFJTNDZyUyMGZpbGwlM0QlMjJub25lJTIyJTIwc3Ryb2tlJTNEJTIyJTIzMDAwJTIyJTIwc3Ryb2tlLXdpZHRoJTNEJTIyMiUyMiUyMHN0cm9rZS1taXRlcmxpbWl0JTNEJTIyMTAlMjIlM0UlM0NwYXRoJTIwc3Ryb2tlLWxpbmVqb2luJTNEJTIyYmV2ZWwlMjIlMjBkJTNEJTIyTTI3JTIwMjFsMTQlMjAxMS0xNCUyMDExeiUyMiUyRiUzRSUzQ3BhdGglMjBkJTNEJTIyTTUzLjkyJTIwMTAuMDgxYzEyLjEwNyUyMDEyLjEwNSUyMDEyLjEwNyUyMDMxLjczMiUyMDAlMjA0My44MzgtMTIuMTA2JTIwMTIuMTA4LTMxLjczNCUyMDEyLjEwOC00My44MzklMjAwLTEyLjEwNy0xMi4xMDUtMTIuMTA3LTMxLjczMiUyMDAtNDMuODM4JTIwMTIuMTA1LTEyLjEwOCUyMDMxLjczMi0xMi4xMDglMjA0My44MzklMjAweiUyMiUyRiUzRSUzQyUyRmclM0UlM0MlMkZzdmclM0U=[\/vc_raw_html]<\/div>\n<p>[\/porto_interactive_banner][porto_modal modal_contain=&#8220;youtube&#8220; youtube_url=&#8220;https:\/\/www.youtube.com\/watch?v=CAuRvTH93rY&#8220; modal_on=&#8220;custom-selector&#8220; modal_on_selector=&#8220;.open-video&#8220; overlay_bg_opacity=&#8220;80&#8243;][\/porto_modal][\/vc_column][vc_column width=&#8220;1\/2&#8243; offset=&#8220;vc_col-md-5&#8243;][porto_ultimate_heading main_heading=&#8220;Franchisemarke: Simit\u00e7i D\u00fcnyas\u0131&#8220; main_heading_font_weight=&#8220;700&#8243; main_heading_color=&#8220;#ffffff&#8220; sub_heading_font_weight=&#8220;&#8220; sub_heading_color=&#8220;#e5e5e5&#8243; alignment=&#8220;left&#8220; main_heading_font_size=&#8220;25&#8243; main_heading_line_height=&#8220;37&#8243; main_heading_margin_bottom=&#8220;14&#8243; sub_heading_margin_bottom=&#8220;22&#8243;]Das Privilegium, Franchisenehmer von Simit\u00e7i D\u00fcnyas\u0131 zu sein, werden Sie von Ihrer Bewerbung bis, dass Ihr Kunde Ihre Lokalit\u00e4t verl\u00e4sst, bei jeder Etappe ersp\u00fcren. Durch unsere Schulungs- und Fortbildungs-Ma\u00dfnahmen an Sie und Ihr Team sorgen wir daf\u00fcr, dass sowohl Ihr Sie als auch unser Ruf im Zusammenhang mit der wahren Dienstleistungsqualit\u00e4t erw\u00e4hnt werden.[\/porto_ultimate_heading][\/vc_column][\/vc_row]<\/p>\n","protected":false},"excerpt":{"rendered":"<p>[vc_row wrap_container=&#8220;yes&#8220; css=&#8220;.vc_custom_1595403725706{margin-top: 80px !important;margin-bottom: 80px !important;}&#8220;][vc_column width=&#8220;2\/3&#8243;][vc_custom_heading text=&#8220;Franchise \/ Bistro&#8220; font_container=&#8220;tag:h3|text_align:left&#8220; use_theme_fonts=&#8220;yes&#8220;][vc_column_text]In unseren Bistro-Caf\u00e9s, wo Sie mit beliebtesten K\u00f6stlichkeiten aus der Weltk\u00fcche sowie unseren traditionellen Backwaren bedient werden, bieten unsere Fachmitarbeiter der Richtung \u201cBi D\u00fcnya Lezzet (Welt von Gaumenfreuden)\u201d ob traditionell oder innovativ, ihre Dienste mit Auffassung von Qualit\u00e4tsservice und \u00e4u\u00dferster Sorgfalt an. Wir [&hellip;]<\/p>\n","protected":false},"author":1,"featured_media":0,"parent":2904,"menu_order":0,"comment_status":"closed","ping_status":"closed","template":"","meta":{"footnotes":""},"class_list":["post-2928","page","type-page","status-publish","hentry"],"yoast_head":"<!-- This site is optimized with the Yoast SEO plugin v27.4 - https:\/\/yoast.com\/product\/yoast-seo-wordpress\/ -->\n<title>Bistro - Food Port GmbH<\/title>\n<meta name=\"robots\" content=\"index, follow, max-snippet:-1, max-image-preview:large, max-video-preview:-1\" \/>\n<link rel=\"canonical\" href=\"https:\/\/www.food-port.de\/index.php\/franchise\/bistro\/\" \/>\n<meta property=\"og:locale\" content=\"de_DE\" \/>\n<meta property=\"og:type\" content=\"article\" \/>\n<meta property=\"og:title\" content=\"Bistro - Food Port GmbH\" \/>\n<meta property=\"og:description\" content=\"[vc_row wrap_container=&#8220;yes&#8220; css=&#8220;.vc_custom_1595403725706{margin-top: 80px !important;margin-bottom: 80px !important;}&#8220;][vc_column width=&#8220;2\/3&#8243;][vc_custom_heading text=&#8220;Franchise \/ Bistro&#8220; font_container=&#8220;tag:h3|text_align:left&#8220; use_theme_fonts=&#8220;yes&#8220;][vc_column_text]In unseren Bistro-Caf\u00e9s, wo Sie mit beliebtesten K\u00f6stlichkeiten aus der Weltk\u00fcche sowie unseren traditionellen Backwaren bedient werden, bieten unsere Fachmitarbeiter der Richtung \u201cBi D\u00fcnya Lezzet (Welt von Gaumenfreuden)\u201d ob traditionell oder innovativ, ihre Dienste mit Auffassung von Qualit\u00e4tsservice und \u00e4u\u00dferster Sorgfalt an. Wir [&hellip;]\" \/>\n<meta property=\"og:url\" content=\"https:\/\/www.food-port.de\/index.php\/franchise\/bistro\/\" \/>\n<meta property=\"og:site_name\" content=\"Food Port GmbH\" \/>\n<meta property=\"article:modified_time\" content=\"2020-07-22T09:05:46+00:00\" \/>\n<meta name=\"twitter:card\" content=\"summary_large_image\" \/>\n<meta name=\"twitter:label1\" content=\"Gesch\u00e4tzte Lesezeit\" \/>\n\t<meta name=\"twitter:data1\" content=\"2\u00a0Minuten\" \/>\n<script type=\"application\/ld+json\" class=\"yoast-schema-graph\">{\"@context\":\"https:\\\/\\\/schema.org\",\"@graph\":[{\"@type\":\"WebPage\",\"@id\":\"https:\\\/\\\/www.food-port.de\\\/index.php\\\/franchise\\\/bistro\\\/\",\"url\":\"https:\\\/\\\/www.food-port.de\\\/index.php\\\/franchise\\\/bistro\\\/\",\"name\":\"Bistro - Food Port GmbH\",\"isPartOf\":{\"@id\":\"https:\\\/\\\/www.food-port.de\\\/#website\"},\"datePublished\":\"2020-07-22T08:54:13+00:00\",\"dateModified\":\"2020-07-22T09:05:46+00:00\",\"breadcrumb\":{\"@id\":\"https:\\\/\\\/www.food-port.de\\\/index.php\\\/franchise\\\/bistro\\\/#breadcrumb\"},\"inLanguage\":\"de\",\"potentialAction\":[{\"@type\":\"ReadAction\",\"target\":[\"https:\\\/\\\/www.food-port.de\\\/index.php\\\/franchise\\\/bistro\\\/\"]}]},{\"@type\":\"BreadcrumbList\",\"@id\":\"https:\\\/\\\/www.food-port.de\\\/index.php\\\/franchise\\\/bistro\\\/#breadcrumb\",\"itemListElement\":[{\"@type\":\"ListItem\",\"position\":1,\"name\":\"Startseite\",\"item\":\"https:\\\/\\\/www.food-port.de\\\/\"},{\"@type\":\"ListItem\",\"position\":2,\"name\":\"Franchise\",\"item\":\"https:\\\/\\\/www.food-port.de\\\/index.php\\\/franchise\\\/\"},{\"@type\":\"ListItem\",\"position\":3,\"name\":\"Bistro\"}]},{\"@type\":\"WebSite\",\"@id\":\"https:\\\/\\\/www.food-port.de\\\/#website\",\"url\":\"https:\\\/\\\/www.food-port.de\\\/\",\"name\":\"Food Port GmbH\",\"description\":\"Eine weitere WordPress-Website\",\"potentialAction\":[{\"@type\":\"SearchAction\",\"target\":{\"@type\":\"EntryPoint\",\"urlTemplate\":\"https:\\\/\\\/www.food-port.de\\\/?s={search_term_string}\"},\"query-input\":{\"@type\":\"PropertyValueSpecification\",\"valueRequired\":true,\"valueName\":\"search_term_string\"}}],\"inLanguage\":\"de\"}]}<\/script>\n<!-- \/ Yoast SEO plugin. -->","yoast_head_json":{"title":"Bistro - Food Port GmbH","robots":{"index":"index","follow":"follow","max-snippet":"max-snippet:-1","max-image-preview":"max-image-preview:large","max-video-preview":"max-video-preview:-1"},"canonical":"https:\/\/www.food-port.de\/index.php\/franchise\/bistro\/","og_locale":"de_DE","og_type":"article","og_title":"Bistro - Food Port GmbH","og_description":"[vc_row wrap_container=&#8220;yes&#8220; css=&#8220;.vc_custom_1595403725706{margin-top: 80px !important;margin-bottom: 80px !important;}&#8220;][vc_column width=&#8220;2\/3&#8243;][vc_custom_heading text=&#8220;Franchise \/ Bistro&#8220; font_container=&#8220;tag:h3|text_align:left&#8220; use_theme_fonts=&#8220;yes&#8220;][vc_column_text]In unseren Bistro-Caf\u00e9s, wo Sie mit beliebtesten K\u00f6stlichkeiten aus der Weltk\u00fcche sowie unseren traditionellen Backwaren bedient werden, bieten unsere Fachmitarbeiter der Richtung \u201cBi D\u00fcnya Lezzet (Welt von Gaumenfreuden)\u201d ob traditionell oder innovativ, ihre Dienste mit Auffassung von Qualit\u00e4tsservice und \u00e4u\u00dferster Sorgfalt an. Wir [&hellip;]","og_url":"https:\/\/www.food-port.de\/index.php\/franchise\/bistro\/","og_site_name":"Food Port GmbH","article_modified_time":"2020-07-22T09:05:46+00:00","twitter_card":"summary_large_image","twitter_misc":{"Gesch\u00e4tzte Lesezeit":"2\u00a0Minuten"},"schema":{"@context":"https:\/\/schema.org","@graph":[{"@type":"WebPage","@id":"https:\/\/www.food-port.de\/index.php\/franchise\/bistro\/","url":"https:\/\/www.food-port.de\/index.php\/franchise\/bistro\/","name":"Bistro - Food Port GmbH","isPartOf":{"@id":"https:\/\/www.food-port.de\/#website"},"datePublished":"2020-07-22T08:54:13+00:00","dateModified":"2020-07-22T09:05:46+00:00","breadcrumb":{"@id":"https:\/\/www.food-port.de\/index.php\/franchise\/bistro\/#breadcrumb"},"inLanguage":"de","potentialAction":[{"@type":"ReadAction","target":["https:\/\/www.food-port.de\/index.php\/franchise\/bistro\/"]}]},{"@type":"BreadcrumbList","@id":"https:\/\/www.food-port.de\/index.php\/franchise\/bistro\/#breadcrumb","itemListElement":[{"@type":"ListItem","position":1,"name":"Startseite","item":"https:\/\/www.food-port.de\/"},{"@type":"ListItem","position":2,"name":"Franchise","item":"https:\/\/www.food-port.de\/index.php\/franchise\/"},{"@type":"ListItem","position":3,"name":"Bistro"}]},{"@type":"WebSite","@id":"https:\/\/www.food-port.de\/#website","url":"https:\/\/www.food-port.de\/","name":"Food Port GmbH","description":"Eine weitere WordPress-Website","potentialAction":[{"@type":"SearchAction","target":{"@type":"EntryPoint","urlTemplate":"https:\/\/www.food-port.de\/?s={search_term_string}"},"query-input":{"@type":"PropertyValueSpecification","valueRequired":true,"valueName":"search_term_string"}}],"inLanguage":"de"}]}},"_links":{"self":[{"href":"https:\/\/www.food-port.de\/index.php\/wp-json\/wp\/v2\/pages\/2928","targetHints":{"allow":["GET"]}}],"collection":[{"href":"https:\/\/www.food-port.de\/index.php\/wp-json\/wp\/v2\/pages"}],"about":[{"href":"https:\/\/www.food-port.de\/index.php\/wp-json\/wp\/v2\/types\/page"}],"author":[{"embeddable":true,"href":"https:\/\/www.food-port.de\/index.php\/wp-json\/wp\/v2\/users\/1"}],"replies":[{"embeddable":true,"href":"https:\/\/www.food-port.de\/index.php\/wp-json\/wp\/v2\/comments?post=2928"}],"version-history":[{"count":2,"href":"https:\/\/www.food-port.de\/index.php\/wp-json\/wp\/v2\/pages\/2928\/revisions"}],"predecessor-version":[{"id":2930,"href":"https:\/\/www.food-port.de\/index.php\/wp-json\/wp\/v2\/pages\/2928\/revisions\/2930"}],"up":[{"embeddable":true,"href":"https:\/\/www.food-port.de\/index.php\/wp-json\/wp\/v2\/pages\/2904"}],"wp:attachment":[{"href":"https:\/\/www.food-port.de\/index.php\/wp-json\/wp\/v2\/media?parent=2928"}],"curies":[{"name":"wp","href":"https:\/\/api.w.org\/{rel}","templated":true}]}}